{"id":3538,"date":"2026-04-02T15:46:52","date_gmt":"2026-04-02T13:46:52","guid":{"rendered":"https:\/\/motorr.sk\/mercedes\/?page_id=3538"},"modified":"2026-04-02T15:52:33","modified_gmt":"2026-04-02T13:52:33","slug":"pravne-upozornenia","status":"publish","type":"page","link":"https:\/\/motorr.sk\/mercedes\/pravne-upozornenia\/","title":{"rendered":"Pr\u00e1vne upozornenia"},"content":{"rendered":"<div style=\"height: 45px;\" class=\"component-spacer-d\"><\/div>\n<div style=\"height: 24px;\" class=\"component-spacer-m\"><\/div>\n\n\n<section class=\"text\">\n  <div class=\"container\">\n    <div class=\"row\">\n      <div class=\"col-12 text-wrap\">\n        <h1 style=\"\">Poskytovate\u013e \u2013 str\u00e1nka produktov<\/h1>      <\/div>\n    <\/div>\n  <\/div>\n<\/section>\n\n\n<section class=\"text\">\n  <div class=\"container\">\n    <div class=\"row\">\n      <div class=\"col-12 text-wrap\">\n        <p style=\"\">Polo\u017eky a inform\u00e1cie o produktoch zobrazen\u00e9 na tejto internetovej str\u00e1nke spravuje:<\/br>\r\nMotorr \u017dilina, s. r. o.<\/br>\r\nRosinsk\u00e1 cesta 8446\/5<\/br>\r\n010 08 \u017dilina<\/br>\r\nTel.: +421 41 701 0100<\/br>\r\nEmail: info.zilina@motorr.sk<\/br>\r\nI\u010cO: 36 383 686 <\/br>\r\nzap\u00edsan\u00e1 v OR Okresn\u00e9ho s\u00fadu \u017dilina, Oddiel: Sro, Vlo\u017eka \u010d\u00edslo: 68839\/L<\/br>\r\n<\/br>\r\na<\/br>\r\n<\/br>\r\nMotorr Martin, s. r. o.<\/br>\r\nFranc\u00fazskych partiz\u00e1nov 5831<\/br> \r\n036 08 Martin<\/br>\r\nTel.: +421 43 42 45 554<\/br>\r\nEmail: info.martin@motorr.sk<\/br>\r\nI\u010cO: \u200b44 378 874<\/br>\r\nzap\u00edsan\u00e1 v OR Okresn\u00e9ho s\u00fadu \u017dilina, Oddiel: Sro, Vlo\u017eka \u010d\u00edslo: \u200b50127\/L<\/p>      <\/div>\n    <\/div>\n  <\/div>\n<\/section>\n\n\n<div style=\"height: 45px;\" class=\"component-spacer-d\"><\/div>\n<div style=\"height: 24px;\" class=\"component-spacer-m\"><\/div>\n","protected":false},"excerpt":{"rendered":"","protected":false},"author":4,"featured_media":0,"parent":0,"menu_order":0,"comment_status":"closed","ping_status":"closed","template":"","meta":{"inline_featured_image":false,"footnotes":""},"class_list":["post-3538","page","type-page","status-publish","hentry"],"yoast_head":"<!-- This site is optimized with the Yoast SEO plugin v26.7 - https:\/\/yoast.com\/wordpress\/plugins\/seo\/ -->\n<title>Pr\u00e1vne upozornenia - Mercedes-Benz<\/title>\n<meta name=\"robots\" content=\"noindex, follow\" \/>\n<meta property=\"og:locale\" content=\"sk_SK\" \/>\n<meta property=\"og:type\" content=\"article\" \/>\n<meta property=\"og:title\" content=\"Pr\u00e1vne upozornenia - Mercedes-Benz\" \/>\n<meta property=\"og:url\" content=\"https:\/\/motorr.sk\/mercedes\/pravne-upozornenia\/\" \/>\n<meta property=\"og:site_name\" content=\"Mercedes-Benz\" \/>\n<meta property=\"article:modified_time\" content=\"2026-04-02T13:52:33+00:00\" \/>\n<meta name=\"twitter:card\" content=\"summary_large_image\" \/>\n<script type=\"application\/ld+json\" class=\"yoast-schema-graph\">{\"@context\":\"https:\/\/schema.org\",\"@graph\":[{\"@type\":\"WebPage\",\"@id\":\"https:\/\/motorr.sk\/mercedes\/pravne-upozornenia\/\",\"url\":\"https:\/\/motorr.sk\/mercedes\/pravne-upozornenia\/\",\"name\":\"Pr\u00e1vne upozornenia - Mercedes-Benz\",\"isPartOf\":{\"@id\":\"https:\/\/motorr.sk\/mercedes\/#website\"},\"datePublished\":\"2026-04-02T13:46:52+00:00\",\"dateModified\":\"2026-04-02T13:52:33+00:00\",\"breadcrumb\":{\"@id\":\"https:\/\/motorr.sk\/mercedes\/pravne-upozornenia\/#breadcrumb\"},\"inLanguage\":\"sk-SK\",\"potentialAction\":[{\"@type\":\"ReadAction\",\"target\":[\"https:\/\/motorr.sk\/mercedes\/pravne-upozornenia\/\"]}]},{\"@type\":\"BreadcrumbList\",\"@id\":\"https:\/\/motorr.sk\/mercedes\/pravne-upozornenia\/#breadcrumb\",\"itemListElement\":[{\"@type\":\"ListItem\",\"position\":1,\"name\":\"Hlavn\u00e1 str\u00e1nka\",\"item\":\"https:\/\/motorr.sk\/mercedes\/\"},{\"@type\":\"ListItem\",\"position\":2,\"name\":\"Pr\u00e1vne upozornenia\"}]},{\"@type\":\"WebSite\",\"@id\":\"https:\/\/motorr.sk\/mercedes\/#website\",\"url\":\"https:\/\/motorr.sk\/mercedes\/\",\"name\":\"Mercedes-Benz\",\"description\":\"\",\"potentialAction\":[{\"@type\":\"SearchAction\",\"target\":{\"@type\":\"EntryPoint\",\"urlTemplate\":\"https:\/\/motorr.sk\/mercedes\/?s={search_term_string}\"},\"query-input\":{\"@type\":\"PropertyValueSpecification\",\"valueRequired\":true,\"valueName\":\"search_term_string\"}}],\"inLanguage\":\"sk-SK\"}]}<\/script>\n<!-- \/ Yoast SEO plugin. -->","yoast_head_json":{"title":"Pr\u00e1vne upozornenia - Mercedes-Benz","robots":{"index":"noindex","follow":"follow"},"og_locale":"sk_SK","og_type":"article","og_title":"Pr\u00e1vne upozornenia - Mercedes-Benz","og_url":"https:\/\/motorr.sk\/mercedes\/pravne-upozornenia\/","og_site_name":"Mercedes-Benz","article_modified_time":"2026-04-02T13:52:33+00:00","twitter_card":"summary_large_image","schema":{"@context":"https:\/\/schema.org","@graph":[{"@type":"WebPage","@id":"https:\/\/motorr.sk\/mercedes\/pravne-upozornenia\/","url":"https:\/\/motorr.sk\/mercedes\/pravne-upozornenia\/","name":"Pr\u00e1vne upozornenia - Mercedes-Benz","isPartOf":{"@id":"https:\/\/motorr.sk\/mercedes\/#website"},"datePublished":"2026-04-02T13:46:52+00:00","dateModified":"2026-04-02T13:52:33+00:00","breadcrumb":{"@id":"https:\/\/motorr.sk\/mercedes\/pravne-upozornenia\/#breadcrumb"},"inLanguage":"sk-SK","potentialAction":[{"@type":"ReadAction","target":["https:\/\/motorr.sk\/mercedes\/pravne-upozornenia\/"]}]},{"@type":"BreadcrumbList","@id":"https:\/\/motorr.sk\/mercedes\/pravne-upozornenia\/#breadcrumb","itemListElement":[{"@type":"ListItem","position":1,"name":"Hlavn\u00e1 str\u00e1nka","item":"https:\/\/motorr.sk\/mercedes\/"},{"@type":"ListItem","position":2,"name":"Pr\u00e1vne upozornenia"}]},{"@type":"WebSite","@id":"https:\/\/motorr.sk\/mercedes\/#website","url":"https:\/\/motorr.sk\/mercedes\/","name":"Mercedes-Benz","description":"","potentialAction":[{"@type":"SearchAction","target":{"@type":"EntryPoint","urlTemplate":"https:\/\/motorr.sk\/mercedes\/?s={search_term_string}"},"query-input":{"@type":"PropertyValueSpecification","valueRequired":true,"valueName":"search_term_string"}}],"inLanguage":"sk-SK"}]}},"card_html":"","_links":{"self":[{"href":"https:\/\/motorr.sk\/mercedes\/wp-json\/wp\/v2\/pages\/3538","targetHints":{"allow":["GET"]}}],"collection":[{"href":"https:\/\/motorr.sk\/mercedes\/wp-json\/wp\/v2\/pages"}],"about":[{"href":"https:\/\/motorr.sk\/mercedes\/wp-json\/wp\/v2\/types\/page"}],"author":[{"embeddable":true,"href":"https:\/\/motorr.sk\/mercedes\/wp-json\/wp\/v2\/users\/4"}],"replies":[{"embeddable":true,"href":"https:\/\/motorr.sk\/mercedes\/wp-json\/wp\/v2\/comments?post=3538"}],"version-history":[{"count":2,"href":"https:\/\/motorr.sk\/mercedes\/wp-json\/wp\/v2\/pages\/3538\/revisions"}],"predecessor-version":[{"id":3542,"href":"https:\/\/motorr.sk\/mercedes\/wp-json\/wp\/v2\/pages\/3538\/revisions\/3542"}],"wp:attachment":[{"href":"https:\/\/motorr.sk\/mercedes\/wp-json\/wp\/v2\/media?parent=3538"}],"curies":[{"name":"wp","href":"https:\/\/api.w.org\/{rel}","templated":true}]}}