{"id":3543,"date":"2026-04-02T15:56:13","date_gmt":"2026-04-02T13:56:13","guid":{"rendered":"https:\/\/motorr.sk\/mercedes\/?page_id=3543"},"modified":"2026-04-02T15:57:19","modified_gmt":"2026-04-02T13:57:19","slug":"marketingovy-suhlas","status":"publish","type":"page","link":"https:\/\/motorr.sk\/mercedes\/marketingovy-suhlas\/","title":{"rendered":"Marketingov\u00fd s\u00fahlas"},"content":{"rendered":"<div style=\"height: 45px;\" class=\"component-spacer-d\"><\/div>\n<div style=\"height: 24px;\" class=\"component-spacer-m\"><\/div>\n\n\n<section class=\"text\">\n  <div class=\"container\">\n    <div class=\"row\">\n      <div class=\"col-12 text-wrap\">\n        <h1 style=\"\">Vitajte vo svete Motorr!<\/h1>      <\/div>\n    <\/div>\n  <\/div>\n<\/section>\n\n\n<section class=\"text\">\n  <div class=\"container\">\n    <div class=\"row\">\n      <div class=\"col-12 text-wrap\">\n        <p style=\"\">Sme radi, \u017ee zost\u00e1vame v kontakte , budeme sa sna\u017ei\u0165 V\u00e1s kontaktova\u0165 s t\u00fdmi najzauj\u00edmavej\u0161\u00edmi inform\u00e1ciami zo sveta zna\u010dky Mercedes-Benz \u010di aktualitami z n\u00e1\u0161ho showroom-u. Svoj s\u00fahlas so spracovan\u00edm osobn\u00fdch \u00fadajov m\u00f4\u017eete kedyko\u013evek odvola\u0165. Sta\u010d\u00ed n\u00e1m nap\u00edsa\u0165 na info.zilina@motorr.sk alebo info.martin@motorr.sk.<\/br>\r\n\u010eakujeme.<\/br>\r\nV\u00e1\u0161 t\u00edm Motorr<\/p>      <\/div>\n    <\/div>\n  <\/div>\n<\/section>\n\n\n<div style=\"height: 45px;\" class=\"component-spacer-d\"><\/div>\n<div style=\"height: 24px;\" class=\"component-spacer-m\"><\/div>\n","protected":false},"excerpt":{"rendered":"","protected":false},"author":4,"featured_media":0,"parent":0,"menu_order":0,"comment_status":"closed","ping_status":"closed","template":"","meta":{"inline_featured_image":false,"footnotes":""},"class_list":["post-3543","page","type-page","status-publish","hentry"],"yoast_head":"<!-- This site is optimized with the Yoast SEO plugin v26.7 - https:\/\/yoast.com\/wordpress\/plugins\/seo\/ -->\n<title>Marketingov\u00fd s\u00fahlas - Mercedes-Benz<\/title>\n<meta name=\"robots\" content=\"noindex, follow\" \/>\n<meta property=\"og:locale\" content=\"sk_SK\" \/>\n<meta property=\"og:type\" content=\"article\" \/>\n<meta property=\"og:title\" content=\"Marketingov\u00fd s\u00fahlas - Mercedes-Benz\" \/>\n<meta property=\"og:url\" content=\"https:\/\/motorr.sk\/mercedes\/marketingovy-suhlas\/\" \/>\n<meta property=\"og:site_name\" content=\"Mercedes-Benz\" \/>\n<meta property=\"article:modified_time\" content=\"2026-04-02T13:57:19+00:00\" \/>\n<meta name=\"twitter:card\" content=\"summary_large_image\" \/>\n<script type=\"application\/ld+json\" class=\"yoast-schema-graph\">{\"@context\":\"https:\/\/schema.org\",\"@graph\":[{\"@type\":\"WebPage\",\"@id\":\"https:\/\/motorr.sk\/mercedes\/marketingovy-suhlas\/\",\"url\":\"https:\/\/motorr.sk\/mercedes\/marketingovy-suhlas\/\",\"name\":\"Marketingov\u00fd s\u00fahlas - Mercedes-Benz\",\"isPartOf\":{\"@id\":\"https:\/\/motorr.sk\/mercedes\/#website\"},\"datePublished\":\"2026-04-02T13:56:13+00:00\",\"dateModified\":\"2026-04-02T13:57:19+00:00\",\"breadcrumb\":{\"@id\":\"https:\/\/motorr.sk\/mercedes\/marketingovy-suhlas\/#breadcrumb\"},\"inLanguage\":\"sk-SK\",\"potentialAction\":[{\"@type\":\"ReadAction\",\"target\":[\"https:\/\/motorr.sk\/mercedes\/marketingovy-suhlas\/\"]}]},{\"@type\":\"BreadcrumbList\",\"@id\":\"https:\/\/motorr.sk\/mercedes\/marketingovy-suhlas\/#breadcrumb\",\"itemListElement\":[{\"@type\":\"ListItem\",\"position\":1,\"name\":\"Hlavn\u00e1 str\u00e1nka\",\"item\":\"https:\/\/motorr.sk\/mercedes\/\"},{\"@type\":\"ListItem\",\"position\":2,\"name\":\"Marketingov\u00fd s\u00fahlas\"}]},{\"@type\":\"WebSite\",\"@id\":\"https:\/\/motorr.sk\/mercedes\/#website\",\"url\":\"https:\/\/motorr.sk\/mercedes\/\",\"name\":\"Mercedes-Benz\",\"description\":\"\",\"potentialAction\":[{\"@type\":\"SearchAction\",\"target\":{\"@type\":\"EntryPoint\",\"urlTemplate\":\"https:\/\/motorr.sk\/mercedes\/?s={search_term_string}\"},\"query-input\":{\"@type\":\"PropertyValueSpecification\",\"valueRequired\":true,\"valueName\":\"search_term_string\"}}],\"inLanguage\":\"sk-SK\"}]}<\/script>\n<!-- \/ Yoast SEO plugin. -->","yoast_head_json":{"title":"Marketingov\u00fd s\u00fahlas - Mercedes-Benz","robots":{"index":"noindex","follow":"follow"},"og_locale":"sk_SK","og_type":"article","og_title":"Marketingov\u00fd s\u00fahlas - Mercedes-Benz","og_url":"https:\/\/motorr.sk\/mercedes\/marketingovy-suhlas\/","og_site_name":"Mercedes-Benz","article_modified_time":"2026-04-02T13:57:19+00:00","twitter_card":"summary_large_image","schema":{"@context":"https:\/\/schema.org","@graph":[{"@type":"WebPage","@id":"https:\/\/motorr.sk\/mercedes\/marketingovy-suhlas\/","url":"https:\/\/motorr.sk\/mercedes\/marketingovy-suhlas\/","name":"Marketingov\u00fd s\u00fahlas - Mercedes-Benz","isPartOf":{"@id":"https:\/\/motorr.sk\/mercedes\/#website"},"datePublished":"2026-04-02T13:56:13+00:00","dateModified":"2026-04-02T13:57:19+00:00","breadcrumb":{"@id":"https:\/\/motorr.sk\/mercedes\/marketingovy-suhlas\/#breadcrumb"},"inLanguage":"sk-SK","potentialAction":[{"@type":"ReadAction","target":["https:\/\/motorr.sk\/mercedes\/marketingovy-suhlas\/"]}]},{"@type":"BreadcrumbList","@id":"https:\/\/motorr.sk\/mercedes\/marketingovy-suhlas\/#breadcrumb","itemListElement":[{"@type":"ListItem","position":1,"name":"Hlavn\u00e1 str\u00e1nka","item":"https:\/\/motorr.sk\/mercedes\/"},{"@type":"ListItem","position":2,"name":"Marketingov\u00fd s\u00fahlas"}]},{"@type":"WebSite","@id":"https:\/\/motorr.sk\/mercedes\/#website","url":"https:\/\/motorr.sk\/mercedes\/","name":"Mercedes-Benz","description":"","potentialAction":[{"@type":"SearchAction","target":{"@type":"EntryPoint","urlTemplate":"https:\/\/motorr.sk\/mercedes\/?s={search_term_string}"},"query-input":{"@type":"PropertyValueSpecification","valueRequired":true,"valueName":"search_term_string"}}],"inLanguage":"sk-SK"}]}},"card_html":"","_links":{"self":[{"href":"https:\/\/motorr.sk\/mercedes\/wp-json\/wp\/v2\/pages\/3543","targetHints":{"allow":["GET"]}}],"collection":[{"href":"https:\/\/motorr.sk\/mercedes\/wp-json\/wp\/v2\/pages"}],"about":[{"href":"https:\/\/motorr.sk\/mercedes\/wp-json\/wp\/v2\/types\/page"}],"author":[{"embeddable":true,"href":"https:\/\/motorr.sk\/mercedes\/wp-json\/wp\/v2\/users\/4"}],"replies":[{"embeddable":true,"href":"https:\/\/motorr.sk\/mercedes\/wp-json\/wp\/v2\/comments?post=3543"}],"version-history":[{"count":2,"href":"https:\/\/motorr.sk\/mercedes\/wp-json\/wp\/v2\/pages\/3543\/revisions"}],"predecessor-version":[{"id":3545,"href":"https:\/\/motorr.sk\/mercedes\/wp-json\/wp\/v2\/pages\/3543\/revisions\/3545"}],"wp:attachment":[{"href":"https:\/\/motorr.sk\/mercedes\/wp-json\/wp\/v2\/media?parent=3543"}],"curies":[{"name":"wp","href":"https:\/\/api.w.org\/{rel}","templated":true}]}}